e?
True
Is 268885147 a composite number?
False
Is 21111157699 a composite number?
True
Is 10638774721 composite?
True
Is 28455042407 a composite number?
True
Is 3669605783 composite?
False
Is 591572249 a prime number?
False
Is 1351648141 a prime number?
False
Is 247282103 composite?
False
Is 21277530311 a composite number?
False
Is 20711071463 a prime number?
True
Is 10648841015 prime?
False
Is 613817257 a composite number?
False
Is 8618803469 composite?
False
Is 1223887031 composite?
True
Is 628819547 composite?
False
Is 13759348289 composite?
False
Is 2959756913 prime?
False
Is 602106247 a composite number?
True
Is 2118052061 a prime number?
False
Is 43073502059 a prime number?
False
Is 52939683409 prime?
False
Is 3471927341 a composite number?
False
Is 26545859579 a composite number?
True
Is 66436607779 prime?
True
Is 74363908907 composite?
True
Is 7994413 composite?
True
Is 7157095441 a prime number?
False
Is 106166867 a composite number?
False
Is 332158081 composite?
False
Is 1574275231 a composite number?
False
Is 5221601389 a composite number?
False
Is 2241632395 composite?
True
Is 2392753373 composite?
True
Is 377037809 composite?
False
Is 4018352263 prime?
False
Is 10355016911 prime?
True
Is 7658445587 prime?
False
Is 472129003 a prime number?
True
Is 1207275133 composite?
True
Is 3147870317 a prime number?
False
Is 1197201479 a composite number?
True
Is 18629507159 a composite number?
False
Is 3453953483 prime?
False
Is 5447611003 a composite number?
False
Is 5108510401 a prime number?
False
Is 4298491349 a composite number?
True
Is 56559179 a composite number?
False
Is 1691909419 prime?
True
Is 5441132393 composite?
True
Is 205233983 a prime number?
True
Is 5431474001 a prime number?
False
Is 198526832657 composite?
False
Is 906876457 a composite number?
False
Is 682535957 a prime number?
False
Is 4547378617 composite?
False
Is 320187613703 composite?
False
Is 15490701041 composite?
False
Is 9077819767 a prime number?
True
Is 6782929745 a prime number?
False
Is 9798495991 a prime number?
True
Is 6426471031 composite?
False
Is 133096362229 a prime number?
False
Is 7804127138 composite?
True
Is 16874040479 a prime number?
False
Is 46690570637 a composite number?
False
Is 715074679 a composite number?
True
Is 967322107 a composite number?
True
Is 646716701 prime?
False
Is 1121117695 a composite number?
True
Is 4756655653 prime?
True
Is 174514817 prime?
True
Is 1741277737 composite?
True
Is 1230278801 prime?
True
Is 9986174437 prime?
True
Is 1020929881 a composite number?
False
Is 32346164237 composite?
False
Is 556599031 composite?
False
Is 1741007129 a composite number?
False
Is 1327145227 a prime number?
False
Is 807132281 a prime number?
True
Is 9389095363 a composite number?
True
Is 4770590339 composite?
True
Is 12364419101 prime?
True
Is 9777966481 a prime number?
False
Is 19704574369 a composite number?
False
Is 285831443 a prime number?
True
Is 595778741 prime?
True
Is 1242653701 a prime number?
True
Is 1835145817 prime?
False
Is 493264337 a prime number?
False
Is 1149718 a composite number?
True
Is 785378239 composite?
False
Is 2402211257 a composite number?
True
Is 7243770187 prime?
True
Is 30288919247 a prime number?
True
Is 1051833331 a composite number?
True
Is 179641968791 a composite number?
False
Is 278436383 a composite number?
True
Is 3534308741 a prime number?
True
Is 516434621 a composite number?
False
Is 365054159 a composite number?
False
Is 9753245421 composite?
True
Is 6136382881 a composite number?
False
Is 500571121 prime?
True
Is 27442698629 a composite number?
False
Is 16905130169 a composite number?
False
Is 386536279 prime?
True
Is 95559268747 composite?
False
Is 465597593 a prime number?
False
Is 18294795973 prime?
False
Is 20465975801 prime?
True
Is 1584844781 a composite number?
True
Is 2629414727 prime?
True
Is 3763552271 a composite number?
False
Is 891658771 a prime number?
False
Is 632818867 a prime number?
True
Is 48044209649 prime?
False
Is 563231771 a composite number?
True
Is 415277221 prime?
True
Is 15894499471 a composite number?
False
Is 10661266541 composite?
True
Is 2857778239 prime?
False
Is 1716558055 a prime number?
False
Is 290201221 composite?
False
Is 104418638267 a composite number?
False
Is 102582679 prime?
True
Is 264567949 a composite number?
True
Is 26512253 a prime number?
True
Is 11379505639 composite?
False
Is 30601986641 composite?
False
Is 579228323 a composite number?
False
Is 55458841729 prime?
False
Is 1752995431 prime?
False
Is 9013384423 prime?
True
Is 35472581 a prime number?
True
Is 8465313721 composite?
True
Is 5888752763 composite?
False
Is 14618801297 a prime number?
True
Is 13994431106 a prime number?
False
Is 332506939 composite?
True
Is 6256496197 prime?
False
Is 594585193 prime?
False
Is 2444024237 composite?
True
Is 637210471 prime?
False
Is 3759757223 a prime number?
True
Is 359904520883 a composite number?
True
Is 1969583743 composite?
False
Is 18303292453 prime?
True
Is 13159515997 prime?
True
Is 11040863413 composite?
True
Is 11254181021 prime?
True
Is 9597773173 prime?
True
Is 9539393467 composite?
True
Is 198194580697 prime?
True
Is 27386903119 prime?
True
Is 3708928391 prime?
False
Is 1006826537 composite?
False
Is 991728397 a composite number?
True
Is 660079319 a composite number?
False
Is 176727611 a prime number?
False
Is 1885602343 a composite number?
False
Is 2039766635 prime?
False
Is 50669657 a composite number?
True
Is 1627021531 a composite number?
False
Is 281279099083 prime?
True
Is 107079845227 prime?
False
Is 5977602767 prime?
True
Is 8838790913 prime?
False
Is 8213158487 a composite number?
False
Is 3042409531 a composite number?
True
Is 451492829 a composite number?
True
Is 585236291 a composite number?
False
Is 354525101 composite?
True
Is 6243238129 a prime number?
False
Is 82411943 a composite number?
True
Is 159163733 composite?
True
Is 40292563 composite?
True
Is 8216726743 composite?
True
Is 4564450549 composite?
False
Is 72868681939 prime?
True
Is 283210631833 a composite number?
False
Is 3057891061 composite?
False
Is 28295970319 a prime number?
True
Is 2002018783 a prime number?
True
Is 299325947 a prime number?
True
Is 68680306927 composite?
False
Is 4597176253 a composite number?
True
Is 8213054459 composite?
True
Is 860060797 composite?
True
Is 3852018761 prime?
True
Is 27057104189 composite?
False
Is 6118117463 a prime number?
True
Is 17900168541 prime?
False
Is 607469249 a prime number?
False
Is 342755671 prime?
True
Is 23708951327 a prime number?
False
Is 933152587 composite?
False
Is 6960324317 a prime number?
False
Is 2693320639 a composite number?
False
Is 4541099743 a prime number?
True
Is 402310801 a prime number?
True
Is 104494975621 a prime number?
False
Is 527796431 a prime number?
True
Is 4492997 prime?
True
Is 102247242589 prime?
True
Is 7193726923 a composite number?
True
Is 553851209 prime?
True
Is 3633853742 a composite number?
True
Is 3544526497 composite?
False
Is 149671517 prime?
False
Is 27800191303 a composite number?
False
Is 1880891097 composite?
True
Is 3597439667 a composite number?
False
Is 13530151939 composite?
True
Is 2668162459 a composite number?
False
Is 520926779 a prime number?
True
Is 1633798189 a prime number?
True
Is 893372383 composite?
False
Is 32815919 a composite number?
False
Is 489494391 composite?
True
Is 263185345 a prime number?
False
Is 10776523445 composite?
True
Is 70534847 a prime number?
False
Is 22353349001 a composite number?
False
Is 6626406377 a composite number?
False
Is 656685541 prime?
False
Is 46228821673 composite?
False
Is 1682636441 composite?
False
Is 2655136763 a prime number?
False
Is 34211385379 a composite number?
False
Is 7352800369 composite?
False
Is 115985687 a prime number?
True
Is 7185002831 prime?
False
Is 9985349117 prime?
False
Is 27357613583 composite?
True
Is 574949143 composite?
False
Is 7227613397 a composite number?
False
Is 407802389 a composite number?
False
Is 765212167 a prime number?
True
Is 1026925633 composite?
False
Is 48121210867 a composite number?
False
Is 3555315917 a prime number?
False
Is 56322715843 a prime number?
False
Is 10262237785 composite?
True
Is 9157242505 a composite number?
True
Is 181587926941 composite?
False
Is 281